 + 60 = v. What is the tens digit of v?
1
Let d be 3 + -3 + (3 - 0). Suppose 6*l = d*l + 168. Suppose 4*a - l + 0 = 0. What is the units digit of a?
4
Let o be 2 - 4 - -194 - -2. Let x = o + -105. Suppose 0 = 2*s - 5*y - 88, -2*s - 5*y + x = 21. What is the tens digit of s?
3
Let g = 3259 + -1289. Let c be 4/18 - g/(-45). Suppose 3*z = 2*w - 6*w + c, w + 11 = 2*z. What is the units digit of z?
8
Let t = 1160 + 784. What is the thousands digit of t?
1
Suppose 2*r = -9 + 3, l - 4*r - 18 = 0. Let j = l + -2. Suppose -3*v + 80 = -j*q, 4*v + 4*q - 148 = -q. What is the units digit of v?
2
Suppose 0 = 6*j - 2*j - 4*i + 20, j - 7 = 5*i. Let h(o) = o**3 + 7*o**2 - 11*o. What is the tens digit of h(j)?
2
Let y(c) = 3*c**3 + 5*c**2 - c + 7. Let f(i) = 3*i**3 + 6*i**2 - i + 8. Let n(a) = -2*f(a) + 3*y(a). What is the hundreds digit of n(4)?
2
Suppose -2*z = -5*u - 5611, 3*z - 3*u - 8420 = u. What is the hundreds digit of z?
8
Let z be 1*4 + (-9)/3. Suppose 0 = 2*q - q + z. What is the units digit of (1 - 2)/(q/34)?
4
Let h = -22 + -24. Suppose 0 = 2*r + 5*c - 4, -1 = -r - 2*r - 5*c. What is the units digit of (r + h)*(-2 + 1)?
9
Let d(x) = x**3 + 8*x**2 + 7*x - 3. Let i be d(-7). Let s be (70/i)/((-1)/3). Suppose -5*f + s = -0*f. What is the units digit of f?
4
Let v(j) be the third derivative of -5*j**4/24 - 4*j**3 + 9*j**2. Let r be v(-10). Let d = r + 8. What is the units digit of d?
4
Let r = -839 + 1253. What is the tens digit of r?
1
Let w = 1229 + -854. What is the tens digit of w?
7
What is the hundreds digit of 220/(-132)*(-1044)/15?
1
Let y = 9 - 6. Suppose 4*m = m + 2*h, y*h = -3*m. Suppose -2*l - 2*l + 40 = m. What is the tens digit of l?
1
What is the units digit of ((-112)/(-10))/(2/45) + -1?
1
What is the units digit of 2934/(-18)*(2 + -4)?
6
Let p = -135 + 442. What is the tens digit of p?
0
Let d(y) = 11*y + 178. What is the tens digit of d(0)?
7
Let h be -1 + (3 - 0) - -10. Suppose 13*q - h*q - 11 = 0. Let u = q - -3. What is the units digit of u?
4
Let g(n) = -n**3 + 4*n**2 + 3. Let u be g(4). Suppose j + 34 = -u*j + d, 5*j - 3*d + 46 = 0. What is the units digit of (-3 + 13)*(-4)/j?
5
Suppose 0 = 4*k - 3*u - 35, 0 = -0*k + k + 5*u + 20. Suppose k*z = 12*z - 7. What is the units digit of z?
1
Let o = -185 + 319. Suppose -5*n = -3*g - n + o, -2 = n. What is the tens digit of g?
4
Let p(s) = 180*s - 1256. What is the units digit of p(18)?
4
Let h = -12142 + 17107. What is the tens digit of h?
6
Suppose 1458 = -3*m + 4014. What is the tens digit of m?
5
Let u(l) = -l**2 - 2*l + 21. Let t be u(-6). What is the units digit of -218*(t/(-4))/((-6)/4)?
9
Let d = 23 - 19. Suppose 0 = 3*p + 15, -5*j + 230 = -0*p + d*p. What is the tens digit of j?
5
Suppose 0 = 5*l - 15, 0 = -2*k - 3*l - 2*l + 1155. What is the hundreds digit of k?
5
Suppose 2*i - 3*m + 0 = -3, 2*m = 2*i - 2. Suppose 7*p = i*p. Suppose -4*w + 7*w - 96 = p. What is the tens digit of w?
3
Let q(r) = r - 1. Let b be q(1). Suppose 5*c + 31 = 2*g, 4*c + 20 + b = 0. What is the tens digit of 10/(17/5 - g)?
2
Let g = -600 - -865. What is the tens digit of g?
6
Let r(n) = -n - 5. Let w be r(-5). Suppose 4*f - 4 - 8 = w. Suppose l - f*l + 78 = 0. What is the tens digit of l?
3
Let b(j) = 25*j**3 - 29*j**2 + 67*j - 11. What is the tens digit of b(5)?
2
Suppose 2*z - 4*r = 7688, -5*r = -2*r. What is the thousands digit of z?
3
What is the tens digit of ((-49)/(-147))/((-1)/(-3753))?
5
Let z = 2 - -1. Suppose z*o - 33 = -0*o. Let f = o - 3. What is the units digit of f?
8
Let s(g) = -g - 1. Let w(q) = 53*q. Let k(d) = 2*s(d) + w(d). What is the units digit of k(1)?
9
Let a(c) = -2*c - 4. Let v be a(-4). Let m = v - 2. Suppose -5*n + h + 119 = 0, 2*h = -m*n - h + 34. What is the units digit of n?
3
Let a = -70 - -75. Suppose 0 = -a*z + 10*z - 215. What is the tens digit of z?
4
Suppose 8 = -2*w, -3*m = -2*m - w - 16. Let t be 5 + -2 - 14/(-1). Let d = t - m. What is the units digit of d?
5
Suppose 3*x + h - 1199 = 0, -1 - 3 = 4*h. What is the hundreds digit of x?
4
Let p(s) = s**3 + s**2 + s - 120. Let i be p(0). What is the tens digit of (-3)/1 + (9 - i)?
2
Suppose -295 = -p + 364. What is the hundreds digit of p?
6
Let z = -13 - -18. Suppose z*k = 3*k + 8. Suppose f = -k + 24. What is the tens digit of f?
2
Let c be (-6)/4*(-1694)/33. What is the tens digit of c/4 + 3 - (-4)/(-16)?
2
Suppose -5*n = 4*g - 21, -5*n = -4*g + g + 7. Suppose -4*c + 3*p = -404, -c + g*c + 3*p - 324 = 0. What is the units digit of c?
4
Let v(k) = -2*k - 6. Let r be v(-15). Suppose 0 = 3*p + j - 39, 2*p = -p + 4*j + r. What is the tens digit of p?
1
Let m(h) = h**3 - 12*h**2 + 11*h + 4. Let t be m(11). Suppose -3*o + 146 = 2*u, 0*u + 4*u = t*o - 208. What is the units digit of o?
0
Let a(x) = 11*x - 2*x - 10 - 11 + 3. Let r = 72 - 62. What is the units digit of a(r)?
2
Suppose -11*s + 89 = 364. Let o = s + 28. What is the units digit of o?
3
Let l(g) = g - 11. Let f be (-13)/13*10/(-2). Let a be l(f). What is the tens digit of (22/3)/((-4)/a)?
1
Suppose 0 = 4*m + 2*t + 56, 3*m + 1 + 41 = 2*t. Let a = m - -142. What is the hundreds digit of a?
1
Suppose 0 = 3*r - 6*r. What is the hundreds digit of (2 - (r + 2)) + 107?
1
Let q be ((-7)/2)/((-9)/(-18)). Let u be (-4 - q) + 73 + 1. Suppose 3*d - 15 = 0, -2*a - d + u = -2*d. What is the tens digit of a?
4
Suppose 521 = 3*d + 86. Suppose -c = 3*m - 115, -3*m + 4*c = -c - d. Suppose -2*i + i + m = 0. What is the tens digit of i?
4
Let m(x) = -x**2 - 6*x + 1. Let i be m(-5). Suppose i*q + 24 = 2*q. What is the units digit of 4*-13*3/q?
6
Let h be (-6)/21 - (-272)/(-28). What is the tens digit of h/(-10) - (-147 - 1)?
4
Let l be 4/18 - 375/(-135). Suppose -7*d + 1180 = l*d. What is the units digit of d?
8
Let d(s) be the first derivative of s**4/4 + 5*s**3 - 25*s**2/2 - 45*s - 10. What is the tens digit of d(-16)?
9
Let k(l) = l + 3. Suppose -2 = -2*w + 4. What is the units digit of k(w)?
6
Suppose -33266 = -26*d + 70318. What is the hundreds digit of d?
9
Let q = 123 + -122. What is the units digit of ((-4)/(-6) - q) + (-15392)/(-96)?
0
Let z(p) = p**2 + 24*p + 114. What is the hundreds digit of z(-25)?
1
Suppose -3*s = -2*s - 222. Let l = s + -93. What is the tens digit of l?
2
Let x(f) = -f**3 + f**2 + 5*f + 60. What is the tens digit of x(0)?
6
Let g = 347 + -199. What is the hundreds digit of g?
1
Let l = -281 - -412. What is the tens digit of l?
3
What is the tens digit of (-58)/3*(-84)/8?
0
Suppose 3*g - 3*x = -0*x + 9, -2*g - 2*x - 6 = 0. What is the units digit of (7 + -4)*(g - -3)?
9
Let n(s) = 10*s + 33. Let p be n(-3). What is the tens digit of (364/(-6) - p)*(-4 - -1)?
9
Let f(l) = -4*l - 2. Let a(q) = -q. Suppose 0 = -2*x - 5*u + 3 + 5, x + 5 = 2*u. Let w(m) = x*f(m) - 6*a(m). What is the units digit of w(1)?
2
Suppose 117*n = 121*n - 2148. What is the hundreds digit of n?
5
Let y = 40 + -22. Let h = 21 - y. What is the units digit of h?
3
Let p(d) be the third derivative of d**4/6 + d**3/6 + 2*d**2. Let n be p(5). Let h = n + 11. What is the tens digit of h?
3
Let t = 77 - 145. Let i = t + 116. What is the units digit of i?
8
Let k(i) = -i**3 - 9*i**2 - i - 6. Let q be k(-9). Suppose 0 = x + 2*r - 48, q*x - 4*r + r - 153 = 0. What is the units digit of x?
0
Suppose 10*c - 2984 = 21246. What is the tens digit of c?
2
Suppose -f + 9 = 2*f. Let p = f + 0. What is the tens digit of (-24)/(1/(-2)*p)?
1
Let i be 865/20*(3 + 1). Let u = -112 + i. What is the tens digit of u?
6
Suppose 2*t - 7 = -3*x + 6, -3*x = -4*t - 1. Let l be (-4)/6 + 4/6. Suppose -9 = -l*c + x*c, 5 = a + c. What is the units digit of a?
8
What is the units digit of 1207 - (4/(-2) - -6)?
3
Let i(s) = s**3 - 22*s**2 + 25*s - 27. What is the units digit of i(22)?
3
Suppose -2*h = -4*p - 330, 9*h - 498 = 6*h + 3*p. What is the hundreds digit of h?
1
Let y(k) = -63*k + 600. What is the hundreds digit of y(-19)?
7
Let k(w) = w**3 + 9*w**2 + 8*w + 3. Let m be k(-8). Suppose m*s - 4*z + 33 = 0, 3*s + 4*z + 33 = 3*z. Let p = s - -36. What is the units digit of p?
5
Let b(p) = -18*p - 126. What is the tens digit of b(-24)?
0
Let j be (-12 + -4)/4 - (-3 - 3). Suppose 0 = -2*a + 4*g - 9*g + 460, j*a - 468 = -g. What is the hundreds digit of a?
2
Suppose -18 = -2*i - 3*i - 2*f, 2*f - 14 = -3*i. Suppos